q = b + m. What is k(q)?
5
Let x(v) = -3*v**2 + 8*v + 29. Let b(y) = -y**2 + 3*y + 10. Let h(n) = 11*b(n) - 4*x(n). Let s = -85 - -85. Calculate h(s).
-6
Let y = 18 + -3. Let r = y - 9. Let a(t) = t**2 - 8*t + 8. Calculate a(r).
-4
Let j(v) be the second derivative of v**4/12 + v**3/3 - 5*v**2/2 + 4*v. Calculate j(-4).
3
Let b(r) = r**3 + 4*r**2 - 8*r - 9. Let d be b(-5). Let g(f) = -f + 8. Determine g(d).
2
Let b(g) = 5*g**3 - g**3 - 41*g**2 + 42*g**2 - g. Let k be b(1). Let v(a) = 3 + 2*a**2 + a**3 + 0*a**3 - 2*a + 3 - k. Calculate v(-3).
-1
Let i(f) be the second derivative of -f**5/20 - 5*f**4/12 - 2*f**3/3 - 7*f**2/2 - 4*f. Let a be 60 - (1 - (3 + -2)). Let u be 4/(-6)*a/8. Determine i(u).
13
Let m(y) = 2*y - 2. Suppose 0 = 10*w - 4*w + 18. Determine m(w).
-8
Let i be (-6)/15 - 160/(-25). Let a(l) = l**3 - 5*l**2 - 6*l - 4. Let o be a(i). Let t(q) = q + 3. Calculate t(o).
-1
Suppose -6*l + 15 = -27. Let g(i) = i - 1. Give g(l).
6
Let p(n) = -n**3 - 6*n**2 + 6*n - 1. Let l(r) = -r**3 - 5*r**2 + 5*r - 1. Let k(c) = 6*l(c) - 5*p(c). Suppose -8*s = -4*s. What is k(s)?
-1
Let f(i) = -2*i. Suppose -7*c + 11*c = -4. Give f(c).
2
Let g(c) be the third derivative of 1/6*c**3 - c**2 + 0*c - 1/15*c**5 + 0 + 0*c**4. Give g(1).
-3
Let b(n) = -n**3 + 4*n**2 - n - 2. Let k be (-28)/(-13) - (-6)/(-39). Suppose k*u - u + 10 = 0. Let c be ((-2)/5)/(2/u). Calculate b(c).
4
Suppose 0 = 2*p + 3*p - 25. Let j(t) be the third derivative of -t**6/120 + t**5/10 - t**4/6 - t**3/2 - 3*t**2. Determine j(p).
2
Let j(b) = b**3 + 2*b**2 - 7*b - 6. Suppose 12 = -l - 2*l. Determine j(l).
-10
Let l(o) = o**2 - 6*o - 3. Suppose 5*z + r = 8 + 5, 0 = 4*z - 5*r - 22. Let x be (-4)/12*-9 + z. Calculate l(x).
-3
Let h = 12 + -9. Let n be 1/(h*2/24). Let k(l) = -l**2 + 5*l + 2. Determine k(n).
6
Let u(b) = 2*b - 1. Let d(y) = -y + 12. Let w be d(9). Suppose -12 - 6 = -w*h. Suppose 8 = h*q - 2*q. Calculate u(q).
3
Let p(x) = x**3 - 3*x**2 - 4*x - 2. Let q be 2/3 + 4/3. Let z = -33 - -49. Suppose -2*k = q*k - z. Determine p(k).
-2
Let m(k) = -53*k - 57*k + 20 + 4*k**2 - 5*k**2 + 97*k. Give m(-14).
6
Let a(c) = -c**2 - 4*c. Let f(k) = k**2 - 2*k + 2. Let d be f(4). Let q = 6 - d. What is a(q)?
0
Let p(o) = -o + 5. Let g be (-2)/((-8)/4) + 6. Determine p(g).
-2
Let t(u) be the second derivative of u**3/6 + 6*u**2 - 29*u. Give t(-5).
7
Let c(l) be the third derivative of -l**5/60 + 5*l**4/24 - l**3 + 17*l**2. Calculate c(5).
-6
Let b(d) = 2*d + 10. Let r(h) = 3*h + 19. Let v(i) = 5*b(i) - 3*r(i). Give v(5).
-2
Let g(j) = -j**3 - 3*j**2 + 5*j + 2. Let w = 0 - 1. Let x(q) = -7*q**3 - 2*q**2 + 1. Let a be x(w). Let t = -10 + a. What is g(t)?
-2
Let n(u) = 2*u**2 - 3*u - 3. Let a(o) = 3*o**2 - 4*o - 2. Let q(x) = -3*a(x) + 4*n(x). Let d(j) be the first derivative of q(j). Determine d(4).
-8
Suppose -2*o = 3 - 5. Let f(z) = 9*z + 1. What is f(o)?
10
Let c be (-22)/(-18) - 4/18. Let b(w) = 7*w**3 + w**2. Determine b(c).
8
Let b(j) be the second derivative of -j**5/20 + 7*j**4/12 + 5*j**2/2 + 19*j. Give b(7).
5
Let q(g) be the first derivative of -1/6*g**4 - 2 + g**2 - 1/3*g**3 + 0*g + 1/60*g**5. Let u(w) be the second derivative of q(w). Determine u(5).
3
Let l(m) = 17*m**2 - 6*m + 6. Let p(b) = 407*b**2 - 143*b + 143. Let u(x) = -143*l(x) + 6*p(x). Let t(h) = 319*h**2. Let z(k) = -3*t(k) + 88*u(k). Give z(1).
11
Let h(s) = s**3 + 9*s**2 + 7*s - 5. Let k be h(-8). Let x(u) be the second derivative of 1/2*u**2 + 0 - 1/3*u**k + 2*u. Determine x(-1).
3
Let p(j) = -j - 5. Let a(d) = -d + 2. Let f be a(6). Let z be -4*(-1 - 9/f). What is p(z)?
0
Let n(u) = u**3 - 5*u**2 - u + 4. Let a be (-6)/9 + (-20)/(-3). Let g = a - 2. Suppose 2*v - 12 - 14 = -g*f, v + 5*f = 25. What is n(v)?
-1
Let o(f) be the first derivative of f**2 + 3 - f - 1/3*f**3 - 1/2*f**4. Calculate o(1).
-2
Let n = 25 + -18. Let m(z) = -2*z + 8. Calculate m(n).
-6
Let g(r) = r**3 + 3*r**2 - r + 2. Let m be g(-3). Let c be (1 + 0)*(m + 0). Let v(y) = -2 - y + c + 0 - 11. Determine v(-7).
-1
Let a(g) = 2*g - 17. Let w(j) = j - 8. Suppose -p = -2 - 4. Let t(o) = p*a(o) - 13*w(o). Let q = -42 - -42. Give t(q).
2
Let m(v) = -1 + 5 - 155*v + 154*v. Give m(8).
-4
Let s(j) be the third derivative of -7*j**4/24 - j**3/6 + 13*j**2. Let v(g) = -g**2 - 4*g + 2. Let w be v(-4). Give s(w).
-15
Let s(m) = -2*m**2 - 5*m - 3. Let h(t) = -t**3 + t**2 + t - 2. Let d = -5 - -3. Let q be h(d). Let c be (0 + 3 - q) + 2. What is s(c)?
-6
Let u = -36 - -74. Let z(m) = 38 - u + m. What is z(-1)?
-1
Suppose 4*m - 39 = -5*y, 3*m + 5*y - 3*y - 24 = 0. Let s(n) = 7*n**2 + 3*n + 2*n**3 + 2*n**2 - m*n**2 + 0*n**2. Calculate s(-2).
-10
Let b(l) be the first derivative of 1/4*l**4 + 7 + l**2 - 2*l + 5/3*l**3. Calculate b(-4).
6
Let j(g) = g**2 + 6*g + 1. Let c = -1 - 5. What is j(c)?
1
Let y be (-126)/(-56) - 2/8. Suppose -20 = 4*j - 4*m, 4*j - 5*m - 5 + 30 = 0. Suppose -y*f + j*f = 4. Let z(b) = -b**3 + b**2 + 3*b + 3. What is z(f)?
9
Let g(c) be the first derivative of c**3 - 3*c**2/2 - 3. Suppose -b + 6 = 2. Suppose -11 + 3 = -b*r. Calculate g(r).
6
Suppose 5*l + 18 = h, -3*l - 15 - 9 = -5*h. Let r(z) = 0*z - 1 - h*z - z. Let w(y) = -y + 11. Let k be w(10). Give r(k).
-5
Let t(a) = -3*a + 1 + a - 2 + 5*a. Determine t(3).
8
Let s(x) = -3*x + 19. Let o be s(6). Let l(i) = -i**2 + 2*i - 1. Give l(o).
0
Let a(v) = -v**3 - v**2 - v - 1. Let d(q) = -7*q**3 - 6*q**2 - 7*q - 6. Let o(c) = -6*a(c) + d(c). Let f(r) = r**2 + 5*r - 8. Let l be f(-6). Calculate o(l).
10
Let n(g) = g**3 + 10*g**2 + 6*g + 4. Let a be n(-10). Let b be ((-2)/(-4))/((-7)/a). Let p(l) = l**3 - 4*l**2 - 3*l - 1. Determine p(b).
-13
Let i(k) = -5*k. Suppose -17 = 3*m - 14. Give i(m).
5
Let d = -6 - -8. Let s(y) = -d*y + 5*y + y + 4*y. Calculate s(1).
8
Let s(t) = 19*t**2 - 10*t + 13. Let a(m) = 13*m**2 - 7*m + 9. Let d(u) = 7*a(u) - 5*s(u). Calculate d(2).
-16
Let v(d) = 2*d - 1. Suppose x - 4 = 1. What is v(x)?
9
Let j(z) = 3*z**2 - 2*z. Let t be -1*(6/(-1) - -2). Let o(r) = r**2 - 1. Let m(v) = t*o(v) - j(v). What is m(-4)?
4
Let h(j) = 4*j - 2 + 2*j - 5*j. Let u be (-4)/(-6) + (-4)/6. Suppose -2*c = -6, u*w - 2*w - 3*c + 5 = 0. Give h(w).
-4
Suppose 0*a + 4*a = 2*m - 24, 4*m + 5*a - 35 = 0. Suppose 4*s + t + 2*t = m, 5*t = -10. Let b(w) = -w + 2. Calculate b(s).
-2
Let a be ((-4)/6)/(1*4/(-12)). Let p(q) be the second derivative of -1/3*q**3 + q - 1/4*q**5 - 1/12*q**4 - 1/2*q**a + 0. What is p(-1)?
5
Let k = 0 + 6. Let w = -3 + k. Let s(a) = 2*a**3 - 3*a - 3 + 4*a**2 - 3*a**w + 0*a**2 - a**2. Calculate s(3).
-12
Let y(n) = -n**3 - 5*n**2 - n - 3. Let u be y(-5). Let x(j) = 4*j + 7 + 0*j**2 + j**u + 2*j. Suppose p - 3 = -4*o, -4*o + 8 = -0*o. Give x(p).
2
Let h(o) = -11*o - o + 5*o - 1. Calculate h(-1).
6
Let d = -1 + 2. Let l(a) = 2*a - 2*a - a + d. What is l(2)?
-1
Let v(q) = q**2 - 6*q - 3. Let x(h) = h**2 - 6*h - 2. Let n be x(7). What is v(n)?
-8
Let n(u) = -2*u**3 - 4*u**2 + 5*u + 2. Let p(b) = 5*b**3 + 7*b**2 - 10*b - 4. Let g(s) = -7*n(s) - 3*p(s). Determine g(6).
4
Let r(x) = x - 4. Suppose -4*h = -4*u - 56, h - 4*h + 2*u = -38. Calculate r(h).
6
Let g = -2 + 4. Let v(h) = -4*h**g + 3 + h**3 + 2*h + 0*h - h. Determine v(3).
-3
Let i be 1/((-10)/(-3) - 3). Let n(m) = -4*m + 83 + i*m - 88. Suppose -2*d + 7*d - 1 = -h, 4*d = -h + 1. Determine n(d).
-5
Let x be -7 + -2 + (9 - 7). Let u(i) = -i**2 - 9*i - 8. Determine u(x).
6
Let l = 5 + -4. Let d(m) = 2 - 1 + 1 + 4*m + l. Let r be d(-2). Let f(s) = -s**3 - 6*s**2 - 6*s - 3. Determine f(r).
2
Let b(q) = 9*q + 1. Suppose -3*z = 4*s + 4, 0 = z - 2*z - 4*s - 12. Suppose 2*a = -5*j + 1, -4*j + 3 = -z*a - 9. What is b(j)?
10
Let y(n) = -n. Let r(j) = 2*j - 6. Let w(o) = -r(o) - 3*y(o). Calculate w(0).
6
Let o(h) be the first derivative of -13*h**3/3 - h**2/2 - 4. What is o(1)?
-14
Let n(x) = 5*x**2 - 5*x. Let k = 47 + 19. Let y be (-3)/(-5) + k/(-10). Let z(b) = -b**2 + b. Let h(c) = y*z(c) - n(c). Give h(3).
6
Let v(x) = -3*x**2 - 7*x + 0*x**2 + 4*x**2 - 6. Give v(6).
-12
Let n(b) = 3 + b**3 - 6*b - 3*b - 3*b**2 + 3*b + 0*b**3. Determine n(4).
-5
Suppose 8*z - 3*z = 2*x + 64, -z - 5*x = -29. Suppose -2*d - 3*d - z = -4*c, c = -3*d + 12. Let h(a) = 6*a - 2*a**2 - c*a - 2. Determine h(2).
-10
Let r be ((-6)/(-5))/(1/(-5)). Let h(a) = -3*a**2